it of 40188064?
4
What is the ten thousands digit of 263871517?
7
What is the ten thousands digit of 47853254?
5
What is the ten millions digit of 15146624?
1
What is the millions digit of 361623376?
1
What is the thousands digit of 315621437?
1
What is the ten millions digit of 722778180?
2
What is the millions digit of 685576743?
5
What is the units digit of 143157981?
1
What is the ten thousands digit of 48382336?
8
What is the ten millions digit of 223245713?
2
What is the millions digit of 623132034?
3
What is the hundred thousands digit of 3759629685?
6
What is the units digit of 1062435167?
7
What is the ten thousands digit of 47406995?
0
What is the ten thousands digit of 171878284?
7
What is the hundreds digit of 1837870809?
8
What is the ten thousands digit of 36837482?
3
What is the ten thousands digit of 81609005?
0
What is the hundred thousands digit of 129144892?
1
What is the hundred thousands digit of 570095303?
0
What is the ten thousands digit of 111160795?
6
What is the millions digit of 325270602?
5
What is the tens digit of 128010593?
9
What is the ten millions digit of 87635072?
8
What is the hundreds digit of 83931043?
0
What is the units digit of 759942185?
5
What is the millions digit of 135139965?
5
What is the thousands digit of 86927163?
7
What is the tens digit of 109481927?
2
What is the hundreds digit of 103937721?
7
What is the units digit of 6363493132?
2
What is the hundred thousands digit of 165350391?
3
What is the thousands digit of 47375932?
5
What is the tens digit of 2890918151?
5
What is the units digit of 11112226?
6
What is the ten thousands digit of 39465752?
6
What is the hundred millions digit of 4931605759?
9
What is the hundred thousands digit of 236526478?
5
What is the ten millions digit of 54652384?
5
What is the hundred thousands digit of 80387705?
3
What is the units digit of 92606224?
4
What is the hundreds digit of 115695566?
5
What is the hundred thousands digit of 23528987?
5
What is the tens digit of 82366966?
6
What is the units digit of 177767297?
7
What is the hundreds digit of 1533893875?
8
What is the hundred millions digit of 347063683?
3
What is the ten millions digit of 5626696085?
2
What is the tens digit of 1150650582?
8
What is the thousands digit of 26601487?
1
What is the millions digit of 527098366?
7
What is the billions digit of 1153514607?
1
What is the tens digit of 152503724?
2
What is the ten millions digit of 31184752?
3
What is the millions digit of 83330307?
3
What is the hundreds digit of 100305329?
3
What is the tens digit of 432291033?
3
What is the millions digit of 53328496?
3
What is the hundred millions digit of 234338323?
2
What is the ten millions digit of 375150907?
7
What is the units digit of 303026628?
8
What is the ten thousands digit of 350840062?
4
What is the ten millions digit of 190061337?
9
What is the thousands digit of 1992298028?
8
What is the thousands digit of 1740272?
0
What is the tens digit of 159173830?
3
What is the tens digit of 21352895?
9
What is the ten millions digit of 1278713647?
7
What is the hundred thousands digit of 159938069?
9
What is the hundreds digit of 8437369?
3
What is the millions digit of 332398234?
2
What is the thousands digit of 262187379?
7
What is the thousands digit of 2440727173?
7
What is the hundred thousands digit of 79651966?
6
What is the ten thousands digit of 24275716?
7
What is the thousands digit of 983819596?
9
What is the tens digit of 124397301?
0
What is the hundreds digit of 25037373?
3
What is the units digit of 2282377199?
9
What is the units digit of 5236167689?
9
What is the millions digit of 37310242?
7
What is the ten millions digit of 488729009?
8
What is the thousands digit of 2616075267?
5
What is the millions digit of 3943604110?
3
What is the millions digit of 597030648?
7
What is the thousands digit of 86889461?
9
What is the millions digit of 648788113?
8
What is the hundreds digit of 25169086?
0
What is the units digit of 120261398?
8
What is the hundreds digit of 1130564266?
2
What is the hundred thousands digit of 837622154?
6
What is the tens digit of 95648604?
0
What is the units digit of 1288574389?
9
What is the hundreds digit of 196814062?
0
What is the hundred millions digit of 1406708929?
4
What is the units digit of 475030985?
5
What is the thousands digit of 765933718?
3
What is the thousands digit of 47598147?
8
What is the units digit of 981654182?
2
What is the tens digit of 393935970?
7
What is the hundred millions digit of 160805980?
1
What is the ten thousands digit of 1361390563?
9
What is the thousands digit of 903439353?
9
What is the tens digit of 61560918?
1
What is the millions digit of 61658958?
1
What is the tens digit of 58153074?
7
What is the tens digit of 191912895?
9
What is the billions digit of 6973121088?
6
What is the millions digit of 697561154?
7
What is the hundred millions digit of 1872033300?
8
What is the tens digit of 594829969?
6
What is the hundreds digit of 40321541?
5
What is the ten millions digit of 16711392?
1
What is the ten thousands digit of 770312540?
1
What is the ten thousands digit of 3657847307?
4
What is the ten millions digit of 11841000?
1
What is the units digit of 34753628?
8
What is the ten thousands digit of 3651953?
5
What is the units digit of 157014028?
8
What is the ten thousands digit of 184734388?
3
What is the tens digit of 51506938?
3
What is the hundred thousands digit of 5806793?
8
What is the hundreds digit of 59529017?
0
What is the ten thousands digit of 95266892?
6
What is the hundreds digit of 49721799?
7
What is the hundreds digit of 579061346?
3
What is the hundred millions digit of 1077405701?
0
What is the hundreds digit of 613123832?
8
What is the millions digit of 861242778?
1
What is the ten millions digit of 393167293?
9
What is the thousands digit of 22608351?
8
What is the ten thousands digit of 105136937?
3
What is the ten millions digit of 70634613?
7
What is the hundreds digit of 61461309?
3
What is the hundreds digit of 105081376?
3
What is the hundreds digit of 1817098991?
9
What is the ten thousands digit of 3485116355?
1
What is the ten millions digit of 93372905?
9
What is the hundred millions digit of 424784100?
4
What is the thousands digit of 89957262?
7
What is the hundred millions digit of 459055873?
4
What is the hundreds digit of 1023728335?
3
What is the hundred thousands digit of 26323690?
3
What is the units digit of 55270883?
3
What is the ten thousands digit of 518088231?
8
What is the tens digit of 125141328?
2
What is the ten millions digit of 102526045?
0
What is the millions digit of 1965171060?
5
What is the ten millions digit of 37003908?
3
What is the units digit of 74764253?
3
What is the ten millions digit of 9337823494?
3
What is the hundreds digit of 1060868971?
9
What is the hundreds digit of 171599258?
2
What is the tens digit of 5923758085?
8
What is the millions digit of 108352373?
8
What is the ten thousands digit of 1471544332?
4
What is the billions digit of 1997067949?
1
What is the hundreds digit of 74334217?
2
What is the ten millions digit of 168390574?
6
What is the millions digit of 594951056?
4
What is the units digit of 151548886?
6
What is the thousands digit of 1795653?
5
What is the millions digit of 65289067?
5
What is the hundred thousands digit of 6724524264?
5
What is the units digit of 6157047283?
3
What is the hundreds digit of 37956845?
8
What is the hundred thousands digit of 6347865702?
8
What is the hundred millions digit of 245630172?
2
What is the hundreds digit of 60777856?
8
What is the thousands digit of 79031193?
1
What is the thousands digit of 478641276?
1
What is the hundred millions digit of 1311465409?
3
What is the units digit of 71837186?
6
What is the units digit of 209833882?
2
What is the ten thousands digit of 194689748?
8
What is the hundreds digit of 28816335?
3
What is the hundred millions digit of 739629950?
7
What is the ten millions digit of 1157816944?
5
What is the hundred millions digit of 197283976?
1
What is the units digit of 293537300?
0
What is the tens digit of 34814744?
4
What is the tens digit of 148027968?
6
What is the thousands digit of 1429195053?
5
What is the hundred thousands digit of 78840